factors of r?
2, 3, 5
Suppose -6*y + 291 = 21. Let b = 101 + y. List the prime factors of b.
2, 73
Suppose -4*z + 4*t + 20 = -3*z, -2*z + 4*t + 40 = 0. Suppose 8*b = 4*b + z. List the prime factors of b.
5
Suppose 995 = 5*t - 145. What are the prime factors of (6/4)/(18/t)?
19
Let a = -57 - -104. Let f(z) = z**2 - 12*z + 5. Let b be f(5). Let n = b + a. List the prime factors of n.
17
Let l(h) be the first derivative of h**3/3 - 2*h**2 - 3. Let x be l(4). Suppose 3*d - 17 - 13 = x. List the prime factors of d.
2, 5
Let n = -237 - -1282. What are the prime factors of n?
5, 11, 19
Suppose 899*f - 887*f = 4932. What are the prime factors of f?
3, 137
Suppose 7*z - 4*z + q = 2507, 5*z + q - 4179 = 0. What are the prime factors of z?
2, 11, 19
Let d = 1098 + -650. What are the prime factors of d?
2, 7
Let x(v) = 2*v**3 + 43*v**2 + 28*v + 6. List the prime factors of x(-20).
2, 17, 19
Let s be 28/(-16)*(-3 - 1). Suppose 15*m = s*m + 2392. List the prime factors of m.
13, 23
Suppose 0*x - x - b = -617, -5*x + 3091 = -b. What are the prime factors of x?
2, 3, 103
Suppose 0 = -0*i - 4*i + 24. Let m be i/4*(-90)/(-27). Suppose -z + 65 = 3*q, 3*z - 85 = -m*q + q. List the prime factors of q.
2, 11
Let v be -3 + 0 + -1 - 0. Let c(p) be the first derivative of -3*p**2/2 - 3*p - 1. What are the prime factors of c(v)?
3
Let m = -16 - -152. Let h = m + 20. List the prime factors of h.
2, 3, 13
Let h = 625 - -745. List the prime factors of h.
2, 5, 137
Let d = 4 - 2. Let u = -1 + d. What are the prime factors of -2*u + (-72)/(-4)?
2
Let u = -1518 - -3086. What are the prime factors of u?
2, 7
Let b(x) be the second derivative of 2/3*x**4 - 7/2*x**2 + 6*x + 7/6*x**3 + 1/20*x**5 + 0. List the prime factors of b(-6).
23
Let j(i) = i**3 - 11*i**2 + 11*i + 5. Let y be (-4 - -3)*(0 + -3). Suppose y*t - 3 = 27. What are the prime factors of j(t)?
3, 5
Suppose -6 = -2*z, 2*g - z = z + 98. List the prime factors of g.
2, 13
Suppose f - 5*o = 19, 3*f - 3*o + 2*o - 15 = 0. Suppose -3*k = -k - w - 70, 100 = 3*k - f*w. List the prime factors of k.
2, 3
Suppose 4*n + 3*a - 10591 = 0, -5*n + 2*a = -2017 - 11216. List the prime factors of n.
2647
Let q(x) = -x**3 - 16*x**2 - 43*x - 10. List the prime factors of q(-16).
2, 3, 113
Suppose -21989 = -16*d + 29051. List the prime factors of d.
2, 5, 11, 29
Let v(j) = 15*j**3 + 22*j**2 - 15*j - 15. Let u(h) = -7*h**3 - 11*h**2 + 7*h + 8. Let y(i) = 13*u(i) + 6*v(i). What are the prime factors of y(-11)?
3
Suppose 0 = -4*u - 191 - 117. Let t = u - -130. What are the prime factors of t?
53
Suppose -5*i - 5*a = 2090, -5*i - 785 = 4*a + 1304. Let r = -148 - i. List the prime factors of r.
269
Let x(z) = 4*z - 8. Let h be x(11). Let m = -4 + h. Suppose t - 4*n = 21, -4*t = -0*n - 3*n - m. List the prime factors of t.
5
Let q = -160 - -493. List the prime factors of q.
3, 37
Suppose 4*s - 6*s = 2*u - 5586, 0 = u + 2*s - 2790. List the prime factors of u.
2, 3, 233
Suppose 3*j = 24 + 3. Suppose -7*m - 2 + j = 0. Suppose 8 = t + m. List the prime factors of t.
7
Suppose -g - 2*g = 5*z + 129, -4*z - 2*g - 104 = 0. Let y = -97 + z. Let i = 198 + y. What are the prime factors of i?
2, 37
Let l(t) = 449*t**3 + 2*t**2 - 1. Let m be l(1). Let w be 4/6*m/12. Let r = w - 4. List the prime factors of r.
3, 7
Let f be (-8)/14*70/(-20). What are the prime factors of 2 + (60 - f) + -4?
2, 7
Let q = -164 - -350. List the prime factors of q.
2, 3, 31
List the prime factors of 1498/8 + (15/4 - 4).
11, 17
Suppose 0 = -5*r - 0*r + 175. Suppose -d + 13 = 5*t + 67, -3*t + 2*d - r = 0. Let k = 16 + t. List the prime factors of k.
5
Let f(g) = g**2 + 11*g + 8. Suppose -3*t - 14 = 22. Let n be f(t). Suppose d + d = n. What are the prime factors of d?
2, 5
Let s be 2/9 - (-2)/(-9). Suppose s = -18*i + 15*i + 90. List the prime factors of i.
2, 3, 5
Suppose 4*z - d = 17, 2*z + 21 - 2 = -5*d. Let n(u) = u - 4. Let x be n(z). List the prime factors of 95/(-10)*8/x.
2, 19
What are the prime factors of 12/6*(-63)/(-18) - -3444?
7, 17, 29
Suppose 5*j - 5*x - 23040 = 0, 0 = -2*j - 29*x + 30*x + 9211. List the prime factors of j.
4603
Let l = -15 + 19. Let q be l/(-10) + (-64)/40. What are the prime factors of 52*(1/q - -1)?
2, 13
Let g(l) = l**2 - 9*l. Suppose 26 = 5*r - 24. Let w be g(r). Let t = w + -6. List the prime factors of t.
2
Let a(o) = 59*o + 21. Let j be a(-2). List the prime factors of 9/(-27)*(j - 2).
3, 11
Suppose -6*o = -4*y - 4*o + 6044, -7569 = -5*y - o. List the prime factors of y.
17, 89
Let f be (3/6)/(4/24). Suppose f*y = -y + 20. Suppose y*g - 43 = 22. What are the prime factors of g?
13
Let y be (-5)/(-2)*32/(-20). Let u be 4*18/y + -1. List the prime factors of -1 - (-3 + 6) - u.
3, 5
Suppose 0 = -15*j + 18*j - 2166. What are the prime factors of j?
2, 19
Suppose -2366 + 266 = -6*r. List the prime factors of r.
2, 5, 7
Let u be 3588/182 - 4/(-14). What are the prime factors of u/150 - 1033/(-15)?
3, 23
Let o = 2266 + -1285. What are the prime factors of o?
3, 109
Let v(q) = -3*q**2 - q + 10. Let c be v(5). Let g = c + 176. List the prime factors of g.
2, 53
Let h = -35 - -35. Let v be h - (-1)/((-1)/2). List the prime factors of (-8)/(-10)*(-165)/v.
2, 3, 11
Suppose 2*a + 2*s - 5*s = 0, -s = 0. Suppose 7*m - m - 24 = a. Suppose y - 19 = -2*r, -m*y - 5*r + 73 = -0*r. What are the prime factors of y?
17
List the prime factors of 157 - (-36)/(-1 - -7).
163
Let v be 4/14 + (-15)/(-21). Let k(r) = -25*r - 2. Let h be k(v). List the prime factors of (-981)/h - (-12)/(-9).
5, 7
Let y = 2 - 15. Let v(n) = n**3 - 8*n**2 - 5*n + 19. Let q be v(8). Let f = y - q. List the prime factors of f.
2
Let q(l) = 61*l**2 + l. Let b be 2 + -6 - (4 + -7). Let y be q(b). Suppose 0 = -5*v + y + 15. What are the prime factors of v?
3, 5
Let l be (6/(-5))/(6/(-15)). Suppose 9*m - 1488 = -l*m. List the prime factors of m.
2, 31
Let a = 2956 + -1824. List the prime factors of a.
2, 283
Suppose 2*z + 5 + 25 = 0. Let m = z - -25. Suppose -7*b + 6*b + m = 0. List the prime factors of b.
2, 5
Let a(x) = -x**3 + 23*x**2 - 18*x - 33. List the prime factors of a(19).
1069
Suppose -5*v - 3 = -38. Let k(l) = -l**3 + 8*l**2 + 3*l + 1. List the prime factors of k(v).
71
Let v(u) = -u - 1 - 4 + 0. What are the prime factors of v(-12)?
7
Let d = 195 + -85. Let g = d - -62. List the prime factors of g.
2, 43
Let h(s) = s**3 + 4*s**2 - 5*s + 2. Let y be h(-5). Let r(z) = z**3 - 3*z**2 + 4*z - 2. Let n be r(y). Let b = 29 + n. What are the prime factors of b?
31
Let s be (15/75)/((-1)/(-15)). Suppose -w + 2*i + 39 = 0, -2*i = -s*w - 2*w + 171. List the prime factors of w.
3, 11
Suppose 3*y + q = -313, -5*y - 437 - 73 = 4*q. Let g = -41 - y. List the prime factors of g.
5, 13
Suppose 8*s - 3*s - 5 = 0. Let h be (8/(-16))/(s/(-10)). Suppose 2*n + 4*j = 34, -2*n = -h*n - 5*j + 51. List the prime factors of n.
17
Let h = 2 + 4. Let f(t) = 3*t + 2. Let v be f(h). Suppose 0 = 5*b - d - 129 - 0, 5*d + v = 0. What are the prime factors of b?
5
List the prime factors of 1 + -9 + -14 + (-20 - -2617).
5, 103
Let a(l) = -l**2 + 10*l - 14. Let j be a(2). Suppose x = -4*i + 343, -x + 159 = j*i + 2*x. List the prime factors of i.
3, 29
Let j = 55 + 381. List the prime factors of j.
2, 109
Let p be 17/(-2) - 7/(-14). Let g = p - -13. Suppose -4*c = -z + 28, -2 + 70 = g*z - 2*c. What are the prime factors of z?
2, 3
Suppose 240*d - 59904 = 224*d. What are the prime factors of d?
2, 3, 13
Let a(c) = 3*c + 1. Let z be a(3). Suppose 12*o - 396 = z*o. What are the prime factors of o?
2, 3, 11
Suppose -m - 4*z + 1 = 0, -8 + 33 = 4*m - 5*z. Suppose 557 - 89 = -m*n + h, -5*n + 2*h - 466 = 0. Let q = n - -131. List the prime factors of q.
37
Let j = -3 - -7. Suppose j*n - 4 = 3*n. Suppose -x = 4*a - n*x - 48, 3*a - 3*x = 33. What are the prime factors of a?
3, 5
Suppose -302*k - 36 = -299*k. What are the prime factors of -3 - (5 + k) - -59?
3, 7
Suppose -4*h + 4*l + 1238 = -h, 1604 = 4*h + 4*l. What are the prime factors of h?
2, 7, 29
Let z be (16/12)/((-3)/54). List the prime factors of (-5)/3*z/20 - -102.
2, 13
Let k(m) = m**3 - 12*m**2 - m - 11. Let b be k(12). Let s = -19 - b. Suppose -s*h = -2 - 46. List the prime factors of h.
2, 3
Let t = 128 + 202. Suppose -4*l - s = -687, -2*s = -2*l + 2*s + t. Le